 tens digit of w?
1
Suppose -12*t = -7*t - 555. What is the tens digit of t?
1
Suppose -3*d + 663 = -3*v, -4*d - 5*v + 883 = -10*v. What is the tens digit of d?
2
Let u(j) = 10*j**2 - 1. Let h be u(1). Let r = 6 - -12. Let n = r - h. What is the units digit of n?
9
Suppose 0 = 5*x + 4*z - 140, 4*x - 2*z = x + 62. Suppose -2*w = -3*y - x, 0 = 3*w - y - y - 31. Let v = -4 + w. What is the units digit of v?
5
Let y(n) = 7*n**3 - 8*n**2 + 7*n - 10. What is the units digit of y(4)?
8
Suppose -8 = 3*w - 20. What is the units digit of w?
4
Let y = 20 - 29. Let r = 17 + y. What is the units digit of r?
8
Let j = -11 + 5. Let c be (3/j)/((-2)/(-36)). Let r = 13 + c. What is the units digit of r?
4
Suppose 0 = g - 2*g. Suppose -3*p = -3*n + 12, 3*n - 2*n + 4*p - 9 = g. Suppose -15 = n*a, -3*a + 10 = 2*t - 1. What is the tens digit of t?
1
Let w(y) = -y**3 - 5*y**2 + 5*y - 2. Let x be w(-6). Let n(b) = 0*b + 1 - x*b**2 + b + b**3 + b**2. What is the units digit of n(3)?
4
Let w = 427 + -224. What is the hundreds digit of w?
2
Suppose 1519 = 7*x - 0*x. What is the hundreds digit of x?
2
Suppose t + 6 = 17. Suppose -t - 7 = -2*b. What is the units digit of b?
9
Let t be (198/4)/(36/(-48)). Let u = -23 - t. What is the tens digit of u?
4
Let c = 22 - -5. What is the tens digit of c?
2
Suppose 0 = 7*a + 18 + 24. What is the units digit of a/(-3)*(-42)/(-12)?
7
Let x(s) = -s - 9. Let r be x(-5). Let j = 6 + r. What is the units digit of (j*-1)/(2 - 4)?
1
Let d = 18 - 6. What is the tens digit of d?
1
Let n(i) = 20*i**2 - i. Let h be n(-1). Let u be (h/(-5))/((-2)/10). What is the units digit of -2*(u/(-6) - -2)?
3
Suppose -2 = v - 5. Suppose 195 = -0*s + v*s. Suppose -6*f = -f - s. What is the tens digit of f?
1
Let m(f) = 2*f. Let i be m(2). Let r = -1 + i. Suppose 3*q + 21 = r*l, l + 2*q - 7 = 6*q. What is the units digit of l?
7
Let o = -3 - -16. What is the tens digit of o?
1
Let t(d) = d - 3. What is the units digit of t(5)?
2
Let c be (-2)/((-12)/2)*123. Let w = c + -12. What is the units digit of w?
9
Let c(w) = w. What is the units digit of c(7)?
7
Let t be (-12)/15*(-230)/4. Let a = -29 + t. What is the units digit of a?
7
Let f(d) be the first derivative of d**2/2 + 2*d + 2. Let k be f(5). Suppose -4*g = -2*y - 44, -5*y - 7 - k = -2*g. What is the units digit of g?
2
Let q(k) be the second derivative of k**4/12 + k**3 - 7*k**2/2 - k. What is the units digit of q(4)?
3
Let c(s) = -7*s**3 - s**2 - 10*s + 2. What is the units digit of c(-3)?
2
Let u = -7 - -15. Suppose -2*z = -u - 6. Suppose -4*p = -z*p + 48. What is the tens digit of p?
1
Let q = 329 - 191. What is the tens digit of q?
3
Let y be (-51)/(-12) + (-2)/8. Suppose x = -y*x + 110. What is the tens digit of x?
2
Let g = -2 - -6. Suppose -4*t - 4*a + g = -8, 3*t = -4*a + 7. What is the units digit of t?
5
Suppose -184 = -3*o + 3*p + 689, 5*p - 1485 = -5*o. What is the units digit of o?
4
Let i = 0 + 3. Suppose -4*b + v = -60, 7*v = 2*v + 20. Suppose -z + b = i*z. What is the units digit of z?
4
Let h = -76 + 86. What is the tens digit of h?
1
Let q(s) = -13*s - 4. Let c = -6 + 3. What is the tens digit of q(c)?
3
Suppose -3*a + 30 + 474 = 0. What is the hundreds digit of a?
1
Suppose 2*g - 9 = -3. Suppose -5*r - 5*t = -40, 0 = -5*r + g*t + 16. What is the units digit of r?
5
Suppose -22*u + 4005 = -7*u. What is the hundreds digit of u?
2
Let c(h) = 2*h + 1. Let o be c(1). Suppose 1 = -o*w - 11. Let g = w - -10. What is the units digit of g?
6
Let f(m) = -m**3 + m**2. Suppose 0 = -4*x + 11 + 13. Let g be (-3)/x*1*2. What is the units digit of f(g)?
2
Suppose 6*w - 201 + 45 = 0. What is the tens digit of w?
2
Let q = 49 - 15. What is the tens digit of q?
3
Let g = 101 + -25. What is the tens digit of g?
7
What is the tens digit of (340/(-7) - (-3)/(-7))*-3?
4
Suppose 3*c - 1 - 38 = 0. Let r = 8 - c. Let b(f) = -3*f - 7. What is the units digit of b(r)?
8
Suppose -4*h = -t + 28, h + 4 = 2*h. What is the units digit of t?
4
Let u = -59 - -129. What is the units digit of u?
0
Suppose 31*k = 23*k + 488. What is the tens digit of k?
6
Suppose -o + 6*o = 15, -2*n + o = 21. Let a(g) = -g - 6. What is the units digit of a(n)?
3
Let l(b) be the second derivative of b**6/720 + b**5/30 + b**4/4 - 3*b. Let q(t) be the third derivative of l(t). What is the units digit of q(0)?
4
Suppose 4*i = 3*i + 47. What is the tens digit of i?
4
Let l = -26 + 38. Suppose -3*d + 1 = -2*b - l, 0 = d - 4*b + 9. What is the units digit of d?
7
Let i(r) = r**3 + 5*r**2 - 8*r - 8. Let p be i(-6). Let n be 54/7 + p/14. What is the units digit of (-3)/(-12) - (-54)/n?
7
What is the units digit of 4 - -1*(1 - -2)?
7
Let n be (-3)/12 + (-114)/(-8). Suppose c = 4, -4*c + 2*c = -t + n. What is the units digit of t?
2
Suppose -4*m - 2*m = -1032. What is the tens digit of m?
7
Let a = 297 + -158. What is the tens digit of a?
3
Suppose 19 + 21 = 4*w + 5*u, 0 = -5*w + 3*u + 13. Suppose -7 = -w*f + 4*v + 43, -4*f - 2*v + 40 = 0. What is the tens digit of f?
1
Let o(n) = -7*n. Let z be o(-2). Let p = z - 12. What is the units digit of p?
2
Suppose -6*m + 2*m = 5*c - 245, 155 = 4*c - 5*m. What is the tens digit of c?
4
Let b(c) = -11*c. Let l be b(-1). Let y = 5 - l. What is the units digit of (-6)/4*(2 + y)?
6
Suppose 4*o - 276 = -4*w, -w = 5*o - 449 + 104. What is the units digit of o?
9
Let w(d) = -d**3 - 5*d**2 - 4*d + 2. Let g be w(-4). Suppose -i = -5*f - 20, g*f = -3 - 5. What is the units digit of -1 + i + (-56)/(-4)?
3
Suppose l - 32 - 69 = 0. Suppose 0 = 4*t + 5*f - l, 0 = -3*f - 1 + 16. What is the tens digit of t?
1
Suppose -3*l - 4*d + 56 = 0, 0*l = 2*l + d - 34. Suppose -5*c - 1 = 14, -q - 2 = -c. Let w = q + l. What is the tens digit of w?
1
Let h = 75 + 27. What is the units digit of h?
2
Let g(n) = -3*n - 1 - 4*n - 3*n. Let b be g(-1). Let s = b - 4. What is the units digit of s?
5
Let f = 6 + -3. Suppose f*w - 6 = -0. What is the units digit of 5 + (w - 0) + 1?
8
Suppose 294 = 3*q - 2*f - 78, 4*f - 372 = -3*q. What is the tens digit of q?
2
What is the tens digit of 1*(-2 + 4) + 41?
4
What is the tens digit of (-115)/(-3) - (-14)/21?
3
Let m = 6 - 4. Suppose -3*v = m*v - 30. What is the units digit of v?
6
Suppose -g - 251 = -5*j + g, 2 = g. What is the tens digit of j?
5
Let p = 199 - 54. What is the units digit of p?
5
What is the units digit of ((-6)/(-8))/(1977/(-396) + 5)?
9
What is the units digit of -4*(-1561)/56*(-1 + 3)?
3
Let m(x) = -x + 8. Let r be (2/4)/((-4)/(-48)). Let w be m(r). Suppose -3 = -k + w. What is the units digit of k?
5
Suppose -5*u = 15, -26 = i + u + u. What is the tens digit of i/(-7)*21/6?
1
Suppose 2*m = 7*m + 25. Let y = -18 + 28. Let i = y + m. What is the units digit of i?
5
Suppose -3*b + 4 = 1. Suppose -b = -c + 9. What is the units digit of c?
0
Let a(i) = -i + 3. Let q = 6 - 3. Suppose -3*r + 3 = q*l - 2*l, 12 = -3*r + 4*l. What is the units digit of a(r)?
3
Let l(t) = -t. Let q(m) = -m**3 - m**2 + 5*m - 12. Let s(r) = -6*l(r) - q(r). Let i be (-6)/9 - 4/(-6). What is the tens digit of s(i)?
1
Suppose k = -2*n - 3 + 22, 108 = 5*k - 3*n. Suppose 2*d + k = d. Let b = -13 - d. What is the units digit of b?
8
Suppose -5*w - 8 = -4*r - 0*w, 0 = -3*r - 4*w + 37. Let v = 0 + r. What is the units digit of v?
7
Let i(z) = -9*z - 1. Suppose 5*y = 4*y - 4. What is the units digit of i(y)?
5
Let x = 115 + -9. What is the hundreds digit of x?
1
Suppose 5*z - 4 = z. Let w(m) = 36*m**3 - m + 1. What is the units digit of w(z)?
6
Let j = -61 + 86. What is the tens digit of j?
2
Let g(x) = -x**2 - 9*x + 14. Let o be g(-11). What is the tens digit of ((-57)/(-12))/((-2)/o)?
1
Let j be 14/6 - 3/9. Suppose -3*a + 0*a + 20 = j*x, -2*x - 4*a + 24 = 0. Let f = x - 0. What is the units digit of f?
4
What is the tens digit of (-2)/4*0 + 70?
7
Let s(a) = 8*a - 27. What is the units digit of s(9)?
5
Suppose 3*v - 3 = 0, 41 = 5*m - 2*v + 3*v. Suppose 3*w - w = m. Suppose -w*s - 3 = -43. What is the tens digit of s?
1
Suppose 0*g + g = -5*a - 63, a + 9 = g. Suppose 0 = -0*c + 3*c + 5*v + 15, -2*c + 3*v - 29 = 0. What is the units digit of (a/15)/(1/c)?
8
Suppose 3*v + 3 + 0 = 0. Let x(l) = -11*l**3 + l**2 + l + 6. Let c(h) = -11*h**3 + h**2 + h + 7. Let a(q) = -6*c(q) + 7*x(q). What is the units digit of a(